e q = -2*g + t + l, t + 5 = 3*g - 0. What is the units digit of g?
1
Suppose x + 0*x + 5 = 0. Let w(p) = -p**3 - 5*p**2 + 5. Let l be w(x). Let d(v) = -v**2 + 6*v - 3. What is the units digit of d(l)?
2
Suppose 4*i - 804 = n, 1159 = 5*i - 5*n + 139. What is the tens digit of i?
0
Suppose -2*w + 6 = 2. Suppose -5*z = -5*g, 3*z + 4 - w = 4*g. Suppose 36 = 5*q - g*i - 2, 2*q + 5*i = -8. What is the units digit of q?
6
Let m(z) = -65*z**3 - z**2 - z + 1. Let g be m(1). What is the units digit of (1*3)/((-11)/g)?
8
Let v(r) = r**2 - 5*r - 8. Let o be v(10). Let w = o - 11. What is the tens digit of w?
3
What is the units digit of (7 - 7) + 127 + 2/(-2)?
6
What is the units digit of 2 - ((-11)/(-2) + -3)*-2?
7
Let b(o) = 7*o - 1. Let s be b(-1). Let n be (-6)/(-24) + 10/s. Let v = n - -3. What is the units digit of v?
2
Let d(q) = 2*q**3 + q - 1. Let u be d(1). Suppose -2*h = -0*y - u*y - 22, -27 = -2*h + 3*y. What is the units digit of h?
6
Let o(l) = 17*l**3 + 3*l**2 - l - 1. What is the units digit of o(1)?
8
Suppose 4*m = -2*m + 1206. What is the hundreds digit of m?
2
Let y be (-5)/20 + 23/(-4). What is the units digit of y*2/3*-1?
4
Let x(j) = j**3 + 12*j**2 - 7*j + 16. What is the units digit of x(-12)?
0
Let v(z) = -6*z - 2. Suppose -2*h + 4 = -2*m, 1 + 0 = -2*m + 5*h. What is the tens digit of v(m)?
1
Let i(q) = -2*q + 16. Let z be i(6). Suppose z*w - 165 = -41. What is the tens digit of w?
3
Suppose 4*q - 308 = -0*q - 5*x, -5*q + 5*x + 430 = 0. Suppose -l + q = l. What is the tens digit of l?
4
Let k be (-6)/(-10) - 14/(-10). Suppose 6 = 2*g - k. What is the units digit of g?
4
Suppose 32 = 3*z - 19. What is the tens digit of z?
1
Suppose 9 = 2*v + v. Let b(a) = a**3 - a**2 - a - 3. What is the tens digit of b(v)?
1
Let f = -2 + 5. Suppose 0 = -f*b + 2*b + 4. What is the units digit of b?
4
Suppose 0 = 2*a + 3*a. Suppose -z - 2*z + 60 = a. What is the units digit of z?
0
Let t(q) be the second derivative of 5*q**3/6 + 9*q**2/2 - 2*q. What is the units digit of t(4)?
9
Let u be 0*(2 - 1) + 11. Let a(f) = -4 - 2 + 7*f - 5*f**2 - u*f + f**3. What is the units digit of a(6)?
6
Let c = 12 + -16. What is the units digit of (-276)/(-14) - c/14?
0
Suppose 3*r = 5*n - 165, 4*n - 2*r - 2*r = 132. Suppose -q = -6 - n. What is the tens digit of q?
3
Let f(b) = 5*b**3 - 2*b**2 + 2*b - 1. Let v be f(1). Suppose 0 = -0*i - v*i + 12. What is the units digit of i?
3
Suppose 2*m = 29 + 87. What is the units digit of m?
8
Let k = 10 - 6. Suppose -k*g = -2*g - 4*z, 0 = -4*g + 3*z. What is the tens digit of 12 + g/(-3)*-1?
1
Let u = -5 - -11. Let n(m) = m**2 - m + 14. What is the units digit of n(u)?
4
Suppose z - 2*d - 74 + 19 = 0, -2*d = -4. Suppose -5*j = -2*q - 2*j + 19, -q = -3*j - 14. Suppose -5 - q = -5*k, 0 = 3*a + 4*k - z. What is the tens digit of a?
1
Suppose 0 = 5*y + 10, -2*w + 11 - 1 = -3*y. Suppose -4*k + w*k = -118. What is the tens digit of k?
5
Let a(y) = -y**2 + 7*y + 11. Suppose i = 5*i - 8. Suppose k = i*k - 8. What is the units digit of a(k)?
3
Let k = 210 - 129. What is the units digit of k?
1
Let l(w) = 4*w**3 - 6*w**2 + 5*w + 14. Let o(z) = z**3 - z**2 + z + 1. Let t(f) = l(f) - 5*o(f). Let d be t(0). What is the units digit of 3*3/d + 0?
1
Let f(p) = -p - 6. Let b be f(-9). Suppose 3*r - 9 = -0*r, -5*r + 12 = -b*j. What is the units digit of (1 + j)*(-21)/(-6)?
7
Let q(h) = h**2 - 5*h + 2. Let r(z) = -z**2 + 8*z - 1. Let l be r(7). What is the units digit of q(l)?
8
Let b(a) = -2*a**3 - 4*a**2 - 6*a + 2. Let v be b(-3). Suppose -2*q + 4*c = -0*q - v, 0 = 3*q + 2*c - 89. What is the tens digit of q?
2
Let u = -15 - -75. What is the units digit of u?
0
Suppose 0*g + 3*v - 2 = 4*g, v + 1 = 3*g. Let x(z) = 13*z + 1. What is the tens digit of x(g)?
1
Suppose 2*f - 5*h + 82 = 5*f, 2*f - 4*h - 62 = 0. Suppose -b + 12 = -3*v - 9, v = 4*b - f. Suppose 7*p - b*p = 11. What is the units digit of p?
1
Let d(u) = -u**3 - 8*u**2 - 8*u + 4. Let z be 8*(3 - (-3)/(-2)). Let y = z + -19. What is the tens digit of d(y)?
1
Suppose 3*x + g = 61, x - 59 = -x + 3*g. What is the tens digit of x?
2
Let l(j) = -j**2 - 7*j + 7. Let h = -6 - 0. What is the units digit of l(h)?
3
Let g(k) = -2 + k - k - k + 0*k. Let l be g(-6). Let m(n) = n - 2. What is the units digit of m(l)?
2
Let b(r) = -2*r - 1. Let y be b(-2). Suppose 5*v = -y*k + 62, -3*v = -7*v + 16. What is the units digit of 74/14 - 4/k?
5
What is the tens digit of 33/4*(-192)/(-18)?
8
Let k = 14 + -9. Suppose -2*h = -2*p - h + 20, -k*p = -h - 53. What is the tens digit of (-1)/(-2)*2*p?
1
Let j(n) = n**3 - 12*n**2 + 30*n + 4. What is the tens digit of j(12)?
6
Let i(a) be the second derivative of -a**4/12 + 2*a**3 - 9*a**2/2 + a. Let m be 1/(-5) - (-168)/15. What is the units digit of i(m)?
2
Let y = 163 + -107. Suppose -3*m = -2*m + 5*o - 29, -4*m + y = 5*o. What is the units digit of m?
9
Let b be 2/10 + 477/15. Suppose 8 + b = 4*h. What is the tens digit of h?
1
Suppose 3*u - z - 45 = -3*z, -5*z = 3*u - 54. Let x = u + -7. What is the units digit of x?
6
Suppose -185 = -2*z - 3*t, -z - 2*t = t - 85. Suppose -f + z = 4*f + 3*n, 60 = 3*f + 4*n. Let j = -12 + f. What is the units digit of j?
8
Suppose -2*z = -0*s - 2*s - 10, 0 = -2*z + s + 13. Suppose -k = -0*k - 4. Suppose -3*p + k*l = -46, 4*l = z*p - 4*p - 56. What is the tens digit of p?
1
Let i = 23 + -14. Let k(t) = 5*t**3 + 13*t**2 - 11*t + 16. Let h(l) = 2*l**3 + 7*l**2 - 6*l + 8. Let y(g) = 7*h(g) - 3*k(g). What is the units digit of y(i)?
8
Let z = 2 + 0. Let n = 8 - z. What is the units digit of n?
6
Suppose y = 2*y - 6. What is the units digit of 0 + (-38)/y*-3?
9
Let f = 9 + -6. What is the units digit of f*(1 - 0) + 2?
5
Let n(h) = 3*h**2 - 7. Let l be n(-6). Let d = l + -66. What is the tens digit of d?
3
Let q be (-8)/(-10)*(-5)/(-2). Let p(b) = b**2 - 17*b - 18. Let j be p(19). What is the units digit of 195/j - q/(-8)?
0
Let m(h) = h**2 + 4*h + 5. Let l be m(-4). Suppose l = -2*u + 27. What is the units digit of u?
1
Suppose 0 = 2*y - 26 + 2. What is the tens digit of 405/y - (-2)/8?
3
Let g = 36 - 13. What is the units digit of g?
3
Let g be (-1)/(-4) + 766/8. Let j = -67 + g. What is the tens digit of j?
2
Let f(l) = -l**2 + 4*l - 4. Let y(s) = -s. Let i(g) = -f(g) + 2*y(g). Let m be i(6). Suppose -6*n + 6 = -m*n. What is the units digit of n?
3
Suppose 2*l + 3*w - 2 = -14, -3*l + 4*w = 1. Let p(d) = 6*d**2 - d - 5. What is the tens digit of p(l)?
5
Let z(f) = 3*f - 20. What is the units digit of z(10)?
0
Suppose -5*u - 2*a = -44, -3*a - 2*a - 55 = -4*u. What is the units digit of u?
0
Suppose 4*s = 2*s. Let r(m) = -6*m - 3 + 4 + s. What is the units digit of r(-1)?
7
Suppose 5*x - 2*c = 7, 0 = x + 2*c + c - 15. What is the units digit of x?
3
Suppose 4*j - 2*s - 84 = -0*s, -62 = -3*j + 2*s. Let o = -268 + 536. What is the units digit of o/j - 2/11?
2
Let z = -29 + 58. What is the tens digit of z?
2
Let a(p) = -6*p - 1. Let n(k) = -k. Let o(x) = -2*a(x) + 11*n(x). Let q be o(-2). Suppose q = 5*j - 2*j - 15. What is the units digit of j?
5
Suppose 3*u - 660 = -3*k, -k = 3 - 5. What is the tens digit of u?
1
Let u = -3 + 6. Let n be (-1 - 0) + (8 - u). Suppose -q - t + 3 = 0, -6 = -q - 2*t + n*t. What is the units digit of q?
4
Let w be (-1)/3*-3*1. Suppose 20 = 5*i, 5*i = 3*m + w + 13. What is the units digit of m?
2
Let w(y) = 6*y + 1. Let q(l) = 7*l + 2. Let k(j) = 3*q(j) - 4*w(j). What is the units digit of k(-2)?
8
Let o(y) be the second derivative of y**5/20 + 5*y**4/6 + 4*y**3/3 + 3*y**2/2 - 2*y. Let n = 22 + -31. What is the units digit of o(n)?
2
What is the units digit of (-798)/(-21) - (-1 - -2)?
7
Suppose -a + 2*p = -12, 5*a = -3*p + p + 24. Let h(f) = 5 + 3*f**2 + 3*f**3 - 4*f**3 + 4*f**2 - 6*f. What is the units digit of h(a)?
5
Suppose -p = 4*d - 334, -p - 2*d - 618 = -3*p. What is the units digit of p?
4
Suppose u + 5 - 112 = 0. Suppose 4*r - u = 1. What is the units digit of r?
7
Let g(f) = -f**2 - 6*f + 10. Let t be g(-7). What is the units digit of 11/t + (-8)/(-24)?
4
Suppose -o = -5*m - 9, -3*o = -8*o - 3*m + 45. What is the units digit of o?
9
Let t be (-6)/4*-1*24. Let j = -18 + t. What is the tens digit of j?
1
Suppose -3*x + 15 = 0, -x = -2*b + 6 - 3. Suppose 0*n + b*n - 4 = 0. Let h = 10 - n. What is the